{"id":141,"date":"2021-10-04T12:34:34","date_gmt":"2021-10-04T12:34:34","guid":{"rendered":"http:\/\/mikalsen.no\/?page_id=141"},"modified":"2025-02-14T13:21:39","modified_gmt":"2025-02-14T13:21:39","slug":"kva-oppdrag-utfores","status":"publish","type":"page","link":"https:\/\/mikalsen.no\/","title":{"rendered":"V\u00c5RE TJENESTER"},"content":{"rendered":"\n<p><code>Vi har et sterkt ynskje \u00e5 f\u00e5 din id\u00e9 til verkelegheit. Du har gjerne en grunnid\u00e9 om korleis du vil ha det? Vi har erfaring og kompetanse til \u00e5 komme med konstruktive og smarte l\u00f8ysningar undervegs i prosessen slik at du blir forn\u00f8gd og stolt av resultatet.<\/code><\/p>\n\n\n\n<figure class=\"wp-block-image size-large\"><img loading=\"lazy\" decoding=\"async\" width=\"1024\" height=\"724\" src=\"https:\/\/mikalsen.no\/wp-content\/uploads\/2025\/02\/Lite_hus_med_3-4_soverom_og_carport-Picture1-1024x724.png\" alt=\"\" class=\"wp-image-509\" srcset=\"https:\/\/mikalsen.no\/wp-content\/uploads\/2025\/02\/Lite_hus_med_3-4_soverom_og_carport-Picture1-1024x724.png 1024w, https:\/\/mikalsen.no\/wp-content\/uploads\/2025\/02\/Lite_hus_med_3-4_soverom_og_carport-Picture1-300x212.png 300w, https:\/\/mikalsen.no\/wp-content\/uploads\/2025\/02\/Lite_hus_med_3-4_soverom_og_carport-Picture1-768x543.png 768w, https:\/\/mikalsen.no\/wp-content\/uploads\/2025\/02\/Lite_hus_med_3-4_soverom_og_carport-Picture1-1536x1086.png 1536w, https:\/\/mikalsen.no\/wp-content\/uploads\/2025\/02\/Lite_hus_med_3-4_soverom_og_carport-Picture1-2048x1448.png 2048w\" sizes=\"auto, (max-width: 767px) 89vw, (max-width: 1000px) 54vw, (max-width: 1071px) 543px, 580px\" \/><\/figure>\n\n\n\n<div class=\"wp-block-columns is-layout-flex wp-container-core-columns-is-layout-9d6595d7 wp-block-columns-is-layout-flex\">\n<div class=\"wp-block-column is-layout-flow wp-block-column-is-layout-flow\" style=\"flex-basis:33.33%\">\n<p><code><img loading=\"lazy\" decoding=\"async\" width=\"20\" height=\"20\" class=\"wp-image-203\" style=\"width: 20px;\" src=\"http:\/\/mikalsen.no\/wp-content\/uploads\/2021\/10\/outline_villa_white_24dp.png\" alt=\"\">  <strong>ARKITEKTOPPDRAG<\/strong><\/code><strong> <\/strong><\/p>\n\n\n\n<p class=\"has-text-align-left\"><code>Einebustad<\/code>, <code>tomannsbustad, rekkehus, mikrohus, hytte, badstue, naust, anneks &amp; industribygg.<\/code><\/p>\n<\/div>\n\n\n\n<div class=\"wp-block-column is-layout-flow wp-block-column-is-layout-flow\" style=\"flex-basis:33.33%\">\n<p><code><img loading=\"lazy\" decoding=\"async\" width=\"20\" height=\"20\" class=\"wp-image-208\" style=\"width: 20px;\" src=\"http:\/\/mikalsen.no\/wp-content\/uploads\/2021\/10\/outline_brush_white_24dp.png\" alt=\"\"> <strong>GRAFISK DESIGN<\/strong><\/code><\/p>\n\n\n\n<p class=\"has-text-align-left\"><code>Logo, profilering, webdesign &amp; messemateriell.<\/code><\/p>\n<\/div>\n\n\n\n<div class=\"wp-block-column is-layout-flow wp-block-column-is-layout-flow\" style=\"flex-basis:33.33%\">\n<p><code><img loading=\"lazy\" decoding=\"async\" width=\"20\" height=\"20\" class=\"wp-image-206\" style=\"width: 20px;\" src=\"http:\/\/mikalsen.no\/wp-content\/uploads\/2021\/10\/outline_photo_camera_white_24dp.png\" alt=\"\"> <strong>FOTO &amp; VIDEO<\/strong><\/code><\/p>\n\n\n\n<p class=\"has-text-align-left\"><code>Drone- foto\/video &amp; redigering.<\/code><\/p>\n<\/div>\n<\/div>\n\n\n\n<p><code>Ta gjerne <a href=\"http:\/\/mikalsen.no\/?page_id=40\" data-type=\"page\" data-id=\"40\">kontakt<\/a> for en hyggelig og konstruktiv prat ang\u00e5ande ditt prosjekt.<\/code><\/p>\n","protected":false},"excerpt":{"rendered":"<p>Vi har et sterkt ynskje \u00e5 f\u00e5 din id\u00e9 til verkelegheit. Du har gjerne en grunnid\u00e9 om korleis du vil ha det? Vi har erfaring og kompetanse til \u00e5 komme med konstruktive og smarte l\u00f8ysningar undervegs i prosessen slik at du blir forn\u00f8gd og stolt av resultatet. ARKITEKTOPPDRAG Einebustad, tomannsbustad, rekkehus, mikrohus, hytte, badstue, naust, &hellip; <\/p>\n<p class=\"link-more\"><a href=\"https:\/\/mikalsen.no\/\" class=\"more-link\">Fortsett \u00e5 lese<span class=\"screen-reader-text\"> \u00abV\u00c5RE TJENESTER\u00bb<\/span><\/a><\/p>\n","protected":false},"author":1,"featured_media":0,"parent":0,"menu_order":0,"comment_status":"closed","ping_status":"closed","template":"","meta":{"footnotes":""},"class_list":["post-141","page","type-page","status-publish","hentry"],"_links":{"self":[{"href":"https:\/\/mikalsen.no\/index.php?rest_route=\/wp\/v2\/pages\/141","targetHints":{"allow":["GET"]}}],"collection":[{"href":"https:\/\/mikalsen.no\/index.php?rest_route=\/wp\/v2\/pages"}],"about":[{"href":"https:\/\/mikalsen.no\/index.php?rest_route=\/wp\/v2\/types\/page"}],"author":[{"embeddable":true,"href":"https:\/\/mikalsen.no\/index.php?rest_route=\/wp\/v2\/users\/1"}],"replies":[{"embeddable":true,"href":"https:\/\/mikalsen.no\/index.php?rest_route=%2Fwp%2Fv2%2Fcomments&post=141"}],"version-history":[{"count":48,"href":"https:\/\/mikalsen.no\/index.php?rest_route=\/wp\/v2\/pages\/141\/revisions"}],"predecessor-version":[{"id":510,"href":"https:\/\/mikalsen.no\/index.php?rest_route=\/wp\/v2\/pages\/141\/revisions\/510"}],"wp:attachment":[{"href":"https:\/\/mikalsen.no\/index.php?rest_route=%2Fwp%2Fv2%2Fmedia&parent=141"}],"curies":[{"name":"wp","href":"https:\/\/api.w.org\/{rel}","templated":true}]}}